 factors of 30973645.
5, 103, 137, 439
What are the prime factors of 19904977?
17, 83, 14107
What are the prime factors of 1529955?
3, 5, 7, 1619
List the prime factors of 471150.
2, 3, 5, 349
What are the prime factors of 2692167?
3, 19, 73, 647
List the prime factors of 220109.
53, 4153
List the prime factors of 2263173.
3, 11, 68581
What are the prime factors of 9047106?
2, 3, 239, 701
What are the prime factors of 190125?
3, 5, 13
List the prime factors of 730640.
2, 5, 9133
List the prime factors of 653543.
11, 19, 53, 59
What are the prime factors of 3505753?
3505753
What are the prime factors of 3787243?
17, 222779
List the prime factors of 377508.
2, 3, 163, 193
What are the prime factors of 395331?
3, 131777
What are the prime factors of 4138428?
2, 3, 7, 19, 2593
What are the prime factors of 1489725?
3, 5, 2207
What are the prime factors of 33687?
3, 19, 197
List the prime factors of 301198.
2, 73, 2063
List the prime factors of 6841990.
2, 5, 17, 167, 241
What are the prime factors of 329506?
2, 67, 2459
List the prime factors of 340319.
7, 61, 797
List the prime factors of 1643.
31, 53
What are the prime factors of 2037258?
2, 3, 31, 1217
What are the prime factors of 1873368?
2, 3, 7, 59
List the prime factors of 430478.
2, 215239
What are the prime factors of 96481?
7, 11, 179
List the prime factors of 1103009.
1103009
List the prime factors of 596420.
2, 5, 11, 2711
List the prime factors of 3822652.
2, 79, 12097
List the prime factors of 5548489.
41, 135329
What are the prime factors of 206482?
2, 17, 6073
What are the prime factors of 4966536?
2, 3, 206939
What are the prime factors of 261143?
113, 2311
What are the prime factors of 8814560?
2, 5, 89, 619
What are the prime factors of 107141?
19, 5639
What are the prime factors of 1452898?
2, 61, 11909
List the prime factors of 2159687.
509, 4243
List the prime factors of 124540.
2, 5, 13, 479
What are the prime factors of 452846?
2, 17, 19, 701
List the prime factors of 24479455.
5, 7, 11, 13, 67, 73
What are the prime factors of 15191104?
2, 237361
What are the prime factors of 16981218?
2, 3, 314467
What are the prime factors of 300082?
2, 150041
List the prime factors of 16578764.
2, 59, 70249
List the prime factors of 388251.
3, 179, 241
What are the prime factors of 1065797?
23, 149, 311
What are the prime factors of 1713523?
7, 23, 29, 367
What are the prime factors of 18936452?
2, 23, 37, 5563
What are the prime factors of 15001?
7, 2143
List the prime factors of 50907.
3, 71, 239
List the prime factors of 17925434.
2, 2239, 4003
What are the prime factors of 1250282?
2, 11, 17, 3343
List the prime factors of 3879191.
37, 59, 1777
What are the prime factors of 6101299?
19, 317, 1013
List the prime factors of 380263.
13, 29251
List the prime factors of 10766487.
3, 103, 34843
What are the prime factors of 611327?
379, 1613
List the prime factors of 20185407.
3, 11, 41, 4973
What are the prime factors of 346613?
17, 20389
What are the prime factors of 2818029?
3, 23, 40841
What are the prime factors of 8817068?
2, 13, 13043
List the prime factors of 359742.
2, 3, 59957
What are the prime factors of 1319373?
3, 11, 13327
List the prime factors of 3303057.
3, 89, 139
What are the prime factors of 111445?
5, 31, 719
List the prime factors of 1288600.
2, 5, 17, 379
What are the prime factors of 14797506?
2, 3, 811, 3041
List the prime factors of 563910.
2, 3, 5, 18797
List the prime factors of 1764993.
3, 263, 2237
What are the prime factors of 3997843?
53, 75431
List the prime factors of 66396.
2, 3, 11, 503
List the prime factors of 1229243.
19, 31, 2087
List the prime factors of 1690279.
107, 15797
What are the prime factors of 1295308?
2, 7, 46261
List the prime factors of 2713093.
41, 66173
What are the prime factors of 409600?
2, 5
List the prime factors of 856051.
7, 29, 4217
List the prime factors of 5943609.
3, 7, 94343
What are the prime factors of 3224475?
3, 5, 17, 281
What are the prime factors of 468027?
3, 7, 17, 19, 23
List the prime factors of 1590841.
7, 23, 41, 241
What are the prime factors of 2940921?
3, 108923
List the prime factors of 168944.
2, 10559
What are the prime factors of 403923?
3, 13, 10357
What are the prime factors of 199946?
2, 257, 389
What are the prime factors of 1775190?
2, 3, 5, 47, 1259
List the prime factors of 3821441.
13, 293957
What are the prime factors of 389732?
2, 7, 31, 449
List the prime factors of 69121.
13, 409
What are the prime factors of 1932301?
7, 276043
List the prime factors of 1564752.
2, 3, 7, 4657
List the prime factors of 733661.
157, 4673
List the prime factors of 37660752.
2, 3, 23, 83, 137
List the prime factors of 477258.
2, 3, 17, 4679
List the prime factors of 200078.
2, 71, 1409
What are the prime factors of 2643050?
2, 5, 52861
What are the prime factors of 193992?
2, 3, 59, 137
What are the prime factors of 6849694?
2, 1531, 2237
List the prime factors of 282327.
3, 94109
What are the prime factors of 13625430?
2, 3, 5, 7, 13, 23, 31
What are the prime factors of 1380229?
617, 2237
List the prime factors of 5850528.
2, 3, 60943
List the prime factors of 1030657.
31, 33247
What are the prime factors of 27561256?
2, 3445157
List the prime factors of 1981071.
3, 239, 307
What are the prime factors of 1549320?
2, 3, 5, 12911
What are the prime factors of 1890950?
2, 5, 59, 641
List the prime factors of 214290.
2, 3, 5, 2381
What are the prime factors of 5726116?
2, 11, 181, 719
What are the prime factors of 27771034?
2, 43, 322919
List the prime factors of 191533.
191533
List the prime factors of 2180261.
31, 53, 1327
List the prime factors of 391303.
11, 35573
What are the prime factors of 130114?
2, 67, 971
List the prime factors of 11658821.
17, 31, 22123
What are the prime factors of 32561?
32561
List the prime factors of 7938358.
2, 23, 172573
List the prime factors of 116518.
2, 17, 23, 149
List the prime factors of 17221857.
3, 5740619
What are the prime factors of 264879?
3, 19, 1549
List the prime factors of 2155266.
2, 3, 119737
List the prime factors of 5276365.
5, 71, 89, 167
List the prime factors of 733337.
11, 163, 409
List the prime factors of 248891.
248891
What are the prime factors of 444675?
3, 5, 7, 11
List the prime factors of 10680835.
5, 11, 194197
What are the prime factors of 4301887?
1601, 2687
What are the prime factors of 58269?
3, 19423
What are the prime factors of 169164?
2, 3, 37, 127
What are the prime factors of 323516?
2, 31, 2609
List the prime factors of 1110500.
2, 5, 2221
What are the prime factors of 42807311?
31, 1380881
List the prime factors of 63106.
2, 139, 227
What are the prime factors of 185478?
2, 3, 19, 1627
What are the prime factors of 2331258?
2, 3, 53, 7331
List the prime factors of 12517975.
5, 500719
What are the prime factors of 14549071?
14549071
List the prime factors of 430785.
3, 5, 3191
List the prime factors of 4124759.
61, 67619
List the prime factors of 239226.
2, 3, 13, 3067
List the prime factors of 285516.
2, 3, 7, 11, 103
What are the prime factors of 26574389?
26574389
What are the prime factors of 800682?
2, 3, 133447
What are the prime factors of 104609?
73, 1433
List the prime factors of 808373.
808373
List the prime factors of 1192168.
2, 149021
What are the prime factors of 1010565?
3, 5, 17, 1321
What are the prime factors of 2410791?
3, 23, 34939
What are the prime factors of 582154?
2, 291077
What are the prime factors of 216618?
2, 3, 79, 457
List the prime factors of 1380223.
13, 8167
List the prime factors of 59142.
2, 3, 9857
What are the prime factors of 447231?
3, 149077
List the prime factors of 4610820.
2, 3, 5, 76847
What are the prime factors of 463102?
2, 231551
List the prime factors of 486433.
486433
What are the prime factors of 23270821?
7, 41, 81083
What are the prime factors of 140035?
5, 7, 4001
What are the prime factors of 1326597?
3, 229, 1931
List the prime factors of 5218896.
2, 3, 108727
List the prime factors of 282467.
43, 6569
List the prime factors of 1961577.
3, 61, 397
List the prime factors of 95365.
5, 19073
What are the prime factors of 75500?
2, 5, 151
List the prime factors of 243854.
2, 13, 83, 113
List the prime factors of 861245.
5, 7, 11, 2237
What are the prime factors of 13327213?
